{"id":202,"date":"2018-09-11T22:46:06","date_gmt":"2018-09-11T20:46:06","guid":{"rendered":"http:\/\/bozppoczech.cz\/?page_id=202"},"modified":"2018-09-11T22:46:06","modified_gmt":"2018-09-11T20:46:06","slug":"skoleni-ridicu","status":"publish","type":"page","link":"https:\/\/bozppoczech.cz\/?page_id=202","title":{"rendered":"\u0160KOLEN\u00cd \u0158IDI\u010c\u016e"},"content":{"rendered":"<p>1.\tV cen\u011b \u0161kolen\u00ed je obsa\u017een v\u00fdklad pr\u00e1vn\u00edch a ostatn\u00edch p\u0159edpis\u016f dle osnovy uveden\u00e9 na prezen\u010dn\u00ed listin\u011b a z\u00e1klady kurzu defenzivn\u00ed j\u00edzdy v\u010detn\u011b tzv. individu\u00e1ln\u00edho p\u0159ezku\u0161ov\u00e1n\u00ed \u0159idi\u010d\u016f \u2013 dle Z\u00e1konn\u00edku pr\u00e1ce tzv. vyhled\u00e1v\u00e1n\u00ed rizik a jejich odstra\u0148ov\u00e1n\u00ed &#8211; assesment \u0159idi\u010de dle metodiky, kter\u00e9 zam\u011bstnavateli ukl\u00e1d\u00e1 Z\u00e1konn\u00edk pr\u00e1ce<br \/>\n2.\tNON STOP poradenstv\u00ed v&nbsp;p\u0159\u00edpad\u011b dopravn\u00ed nehody, nebo v&nbsp;p\u0159\u00edpad\u011b silni\u010dn\u00ed kontroly na tel.: +420&nbsp;608&nbsp;317&nbsp;214<br \/>\n3.\tE-mailov\u00e9 poradenstv\u00ed p\u0159i \u0159e\u0161en\u00ed p\u0159estupk\u016f, nehod, vracen\u00ed \u0159idi\u010dsk\u00fdch opr\u00e1vn\u011bn\u00ed po z\u00e1kazech \u010dinnosti, vybodov\u00e1n\u00ed atd., vr\u00e1cen\u00ed \u0159idi\u010dsk\u00e9ho opr\u00e1vn\u011bn\u00ed po z\u00e1kazech \u010dinnosti ulo\u017een\u00fdch na dobu v\u00edce jak jednoho roku ( zaji\u0161t\u011bn\u00ed psychotest\u016f, zdravotn\u00ed prohl\u00eddky a p\u0159ezkou\u0161en\u00ed z&nbsp;pravidel a z&nbsp;j\u00edzdy)<br \/>\nD\u00e1le zprost\u0159edkuji za \u00faplatu poradenstv\u00ed s&nbsp;dopravn\u00edm pr\u00e1vn\u00edkem, nebo soudn\u00edm znalcem ve v\u00e1\u017en\u00fdch p\u0159\u00edpadech, kter\u00e9 je rozumn\u00e9 s&nbsp;nimi konzultovat, nebo ponechat cel\u00e9 \u0159e\u0161en\u00ed probl\u00e9mu na nich.<br \/>\nSou\u010d\u00e1st\u00ed \u0161kolen\u00ed je<br \/>\n1. CD s&nbsp;kompletn\u00edmi z\u00e1konn\u00fdmi \u00fapravami t\u00fdkaj\u00edc\u00ed se obsahu \u0161kolen\u00ed<br \/>\n2. Nav\u0161t\u00edvenka s&nbsp;vyzna\u010den\u00fdm datem \u0161kolen\u00ed (platnost 1 rok)<br \/>\n3. V\u00fd\u0148atek ze z\u00e1kona 361\/2000 Sb. ve zn\u011bn\u00ed pozd\u011bj\u0161\u00edch p\u0159edpis\u016f \u2013 \u00a7 47 \u2013 Dopravn\u00ed nehoda, kter\u00fd slou\u017e\u00ed pro z\u00e1kladn\u00ed orientaci v&nbsp;povinnostech \u0159idi\u010de a \u00fa\u010dastn\u00edk\u016f dopravn\u00ed nehody. ( doporu\u010duji m\u00edt v&nbsp;aut\u011b u tzv. Spole\u010dn\u00e9ho z\u00e1znamu o dopravn\u00ed nehod\u011b)<br \/>\nJeliko\u017e se ji\u017e ani na \u0161kolen\u00ed na tzv. Profesn\u00ed osv\u011bd\u010den\u00ed (\u0161kolen\u00ed pro \u0159idi\u010de sk. C a D) \u0159idi\u010di nep\u0159ezku\u0161uj\u00ed testem, tak ani u \u0161kolen\u00ed na sk. B se tento test z&nbsp;pravidel nep\u00ed\u0161e a BOZP doporu\u010duje rad\u011bji prov\u00e9st diskuzi a probrat aktu\u00e1ln\u00ed probl\u00e9my, kter\u00e9 \u00fa\u010dastn\u00edky zaj\u00edmaj\u00ed.<br \/>\n\u0160kolen\u00ed prob\u00edh\u00e1 u \u0159idi\u010d\u016f-referent\u016f p\u0159\u00edmo v&nbsp;jejich firm\u011b ( Praha, Brno, Olomouc atd.)<br \/>\na u \u0159idi\u010d\u016f na profesn\u00ed osv\u011bd\u010den\u00ed v&nbsp;akreditovan\u00e9m \u0161kol\u00edc\u00edm st\u0159edisku auto\u0161kola JUDr. Ing. Ond\u0159eje Hor\u00e1zn\u00e9ho, Ond\u0159\u00ed\u010dkova 9, Praha 3 (metro Ji\u0159\u00edho z&nbsp;Pod\u011bbrad)<\/p>\n<p>ing. Petr Fr\u00fddl,<br \/>\nu\u010ditel \u0159\u00edzen\u00ed motorov\u00fdch vozidel s&nbsp;opr\u00e1vn\u011bn\u00edm na v\u0161echny skupiny a p\u0159edm\u011bty  \u0159idi\u010dsk\u00fdch opr\u00e1vn\u011bn\u00ed \u201eA\u201c \u2013 \u201eDE\u201c a v\u00fduky \u0159idi\u010d\u016f na Profesn\u00ed osv\u011bd\u010den\u00ed \u2013 \u0159idi\u010di n\u00e1kladn\u00edch automobil\u016f a autobus\u016f<\/p>\n<p>\u0160kol\u00edc\u00ed a poradensk\u00e1 \u010dinnost v&nbsp;doprav\u011b<br \/>\nPoradenstv\u00ed p\u0159i p\u0159estupc\u00edch a dopravn\u00edch nehod\u00e1ch 24 hodin denn\u011b 608&nbsp;317&nbsp;214<\/p>\n","protected":false},"excerpt":{"rendered":"<p>1. V&nbsp;cen\u011b \u0161kolen\u00ed je obsa\u017een v\u00fdklad pr\u00e1vn\u00edch a ostatn\u00edch p\u0159edpis\u016f dle osnovy uveden\u00e9 na prezen\u010dn\u00ed listin\u011b a z\u00e1klady kurzu defenzivn\u00ed j\u00edzdy v\u010detn\u011b tzv. individu\u00e1ln\u00edho p\u0159ezku\u0161ov\u00e1n\u00ed \u0159idi\u010d\u016f \u2013 dle Z\u00e1konn\u00edku pr\u00e1ce tzv. vyhled\u00e1v\u00e1n\u00ed rizik a jejich odstra\u0148ov\u00e1n\u00ed &#8211; assesment \u0159idi\u010de dle metodiky, kter\u00e9 zam\u011bstnavateli ukl\u00e1d\u00e1 Z\u00e1konn\u00edk pr\u00e1ce 2. NON STOP poradenstv\u00ed v&nbsp;p\u0159\u00edpad\u011b dopravn\u00ed nehody, nebo [&hellip;]<\/p>\n","protected":false},"author":2,"featured_media":0,"parent":0,"menu_order":0,"comment_status":"closed","ping_status":"closed","template":"","meta":[],"_links":{"self":[{"href":"https:\/\/bozppoczech.cz\/index.php?rest_route=\/wp\/v2\/pages\/202"}],"collection":[{"href":"https:\/\/bozppoczech.cz\/index.php?rest_route=\/wp\/v2\/pages"}],"about":[{"href":"https:\/\/bozppoczech.cz\/index.php?rest_route=\/wp\/v2\/types\/page"}],"author":[{"embeddable":true,"href":"https:\/\/bozppoczech.cz\/index.php?rest_route=\/wp\/v2\/users\/2"}],"replies":[{"embeddable":true,"href":"https:\/\/bozppoczech.cz\/index.php?rest_route=%2Fwp%2Fv2%2Fcomments&post=202"}],"version-history":[{"count":1,"href":"https:\/\/bozppoczech.cz\/index.php?rest_route=\/wp\/v2\/pages\/202\/revisions"}],"predecessor-version":[{"id":203,"href":"https:\/\/bozppoczech.cz\/index.php?rest_route=\/wp\/v2\/pages\/202\/revisions\/203"}],"wp:attachment":[{"href":"https:\/\/bozppoczech.cz\/index.php?rest_route=%2Fwp%2Fv2%2Fmedia&parent=202"}],"curies":[{"name":"wp","href":"https:\/\/api.w.org\/{rel}","templated":true}]}}